hen b is divided by g.
16
Let u be (-2)/(-15) + (-344)/(-120). Suppose 24 + 30 = u*s. What is the remainder when s is divided by 10?
8
Let w = 64 - 31. What is the remainder when w is divided by 17?
16
Suppose -7*c = 7*c - 224. Suppose -4*s + 279 = 91. What is the remainder when s is divided by c?
15
Suppose 0 = 5*y - 2*h - 70, 0 = -2*y - 3*h - 5 + 33. What is the remainder when 67 is divided by y?
11
Suppose 3*k - w = -35, -4*k + 2*k = -3*w + 14. Let q = 7 + k. What is the remainder when 19 is divided by 5/(-3*1/q)?
9
Let h = -15 - -27. Let j be (8/6)/(h/342). Suppose -n = -5*i - j, -4*n = n + 5*i - 40. What is the remainder when n is divided by 7?
6
Let m(b) = -b**3 - b**2 + 2*b + 5. What is the remainder when 65 is divided by m(-3)?
14
Suppose -14 - 2 = v. Let m = 61 + v. Calculate the remainder when m is divided by 12.
9
Let c(d) = -d**2 - 8*d - 2. Suppose -4*g + 23 = -5*h - 0*g, -3*g - 44 = 5*h. Let k = 8 + 0. Calculate the remainder when k is divided by c(h).
3
Let r(j) = 2*j**3 - 2*j**2 - 2*j - 5. Calculate the remainder when r(4) is divided by 17.
15
Let d = 265 + -149. What is the remainder when d is divided by 20?
16
Suppose l + 19 + 8 = 0. Let d = l - -8. Let b = -7 - d. What is the remainder when 47 is divided by b?
11
Let y = -104 + 173. What is the remainder when y is divided by 18?
15
Let z = -5 + 3. Let l be (-1)/(-3)*(z + 5). Calculate the remainder when (l + 0/3)*1 is divided by 1.
0
Let k(b) = b**3 + 7*b**2 + 4*b - 4. What is the remainder when k(-5) is divided by 3?
2
Let q(v) = v**3 + 2*v**2 - 2*v - 1. Let i be (-1 + -2)/((-6)/(-4)). Calculate the remainder when 8 is divided by q(i).
2
Let m(o) = o**2 - 6*o - 4. Let k be (39/2)/((-2)/(-4)). Suppose x - k = -2*x. Calculate the remainder when m(11) is divided by x.
12
Let q be -2 - 3*(-4)/3. Let b be (0 - (-4)/q) + 0. What is the remainder when 34 is divided by 8 + (-3)/(-6)*b?
7
Let x be 2/4 - 2/4. Suppose 3*n + 2*r - 70 = 0, -2*n = -r - x*r - 35. Let b = -121 - -179. What is the remainder when b is divided by n?
18
Suppose 3*i + 216 = 6*i. Calculate the remainder when i is divided by 19.
15
Suppose -1441 = -19*o - 472. Calculate the remainder when o is divided by 13.
12
Calculate the remainder when 24 is divided by (-4)/10 + (-282)/(-30).
6
Suppose b = 5*v + 2*b - 11, -9 = v + 3*b. Let o be (6/(-4))/((-2)/20). Suppose -45 + o = -v*l. Calculate the remainder when 19 is divided by l.
9
What is the remainder when 7 is divided by (4/14)/(7/98)?
3
Suppose y = 2*y - 63. Calculate the remainder when y is divided by (-1092)/(-49) + 2 + (-48)/21.
19
Let c(i) = i. Suppose -3*j - 6 - 6 = 0. Let q be c(j). Calculate the remainder when 19 is divided by (q/6)/(4/(-42)).
5
Let k(y) = -y**2 + y. Let w be k(1). Suppose a + a - 90 = w. Suppose 5*j = -3*q - q + 63, -5*q + 5*j = -a. What is the remainder when 22 is divided by q?
10
Suppose -36 = 3*f + f. Calculate the remainder when (-75)/f + 4/6 is divided by 6.
3
What is the remainder when 42 is divided by (-3 - 0) + 7 + 9?
3
Suppose 9*k = 2*k + 91. What is the remainder when 23 is divided by k?
10
Suppose 2*y - 3*y + 1 = 0, 2*y - 5 = -3*u. Let w = -5 + u. Let t(q) = -q**3 - 4*q**2 - 4*q. Calculate the remainder when 46 is divided by t(w).
14
Suppose 4*m - 28 = 28. Calculate the remainder when 24 is divided by m.
10
Suppose 2*j = -0 + 10. Suppose 6 = j*w - 9. Calculate the remainder when w is divided by 2.
1
Let h(i) = -i**2 - i + 6. Let r be h(-5). Let v = r + 25. What is the remainder when v is divided by 7?
4
Let b(z) be the first derivative of -3*z**2/2 + z + 1. What is the remainder when 14 is divided by b(-1)?
2
Let d(u) = 2*u**2 + 1. What is the remainder when d(2) is divided by (4/(-6))/((56/(-30))/14)?
4
Let h = 722 - 719. Suppose -c - d = -4, 5*d + 85 = 4*c + 24. What is the remainder when c is divided by h?
0
Let d(t) = -t**2 + 6*t - 1. Let z be d(4). Suppose -n + 18 = -3*x - z, 4*n - x - 56 = 0. What is the remainder when (-214)/(-9) + 10/45 is divided by n?
11
Let a(g) = -8*g. Suppose -3*u = -u - 6. Suppose 0 = -3*n + u - 15. What is the remainder when a(n) is divided by 11?
10
Let z(f) = f**2 - 8*f + 9. Calculate the remainder when z(8) is divided by 4.
1
Let i = -30 + 38. Calculate the remainder when 13 is divided by i.
5
Let i(a) = -a**3 + 2*a**2 - 1. Let z be i(-1). Let o(t) = 4*t**3 + 2 + 0 - 7 + 6 + 2*t**2 - 3*t. What is the remainder when o(z) is divided by 18?
17
Suppose -4*y = -y - 6. Suppose 3*c = 7*c - 16. Suppose 2*f + 0 = -5*i + y, -c*f - 4*i = -28. Calculate the remainder when 31 is divided by f.
9
Calculate the remainder when 34 is divided by 1/(-2 - (-19)/9).
7
Let m(j) = -7*j - 15. What is the remainder when m(-10) is divided by 14?
13
Suppose 0*i = -r + i, -5*i + 50 = 5*r. Suppose 2*s + 27 = r*s - 5*d, 5*d - 18 = -2*s. Let l(f) = 12*f - 36. Calculate the remainder when l(5) is divided by s.
6
Let c be 78 - (-5 - (-2 - 1)). Let t = c - 50. Let g = t + -7. What is the remainder when 44 is divided by g?
21
Let l(s) = 27*s**3 + s**2. Let i(k) = k. Let b be i(1). Let u(t) = t**2 - 2*t - 5. What is the remainder when l(b) is divided by u(5)?
8
Suppose -5*o - 15 = -3*v, 3*o = 5*v - o - 12. Suppose 0 = 5*g - 3*k + 27 - 227, v = 5*k + 25. What is the remainder when g is divided by (-1)/((1*-1)/19)?
18
Suppose -4*l + 68 = -4*r, -5*r - 15 = 4*l - 101. Suppose -15*n + 37*n = 242. Calculate the remainder when l is divided by n.
8
Let k = 34 - -2. Suppose 2*y - k = -12. What is the remainder when 47 is divided by y?
11
Let o be 2 + -3*(-2 - -1). Suppose -7 - 3 = o*b. What is the remainder when -3*b/2 - -28 is divided by 8?
7
Let v(g) = g**3 - 3*g**2 - 4*g + 2. Let z be v(4). Let p = -17 + z. What is the remainder when 19 is divided by (10/(-3))/(5/p)?
9
Let b(v) = 41*v**2 - 1. Let y be b(1). Suppose 4 - y = -3*n. Suppose d + 3*d - 88 = 0. What is the remainder when d is divided by n?
10
Let x(d) = 4*d**2 + 3*d. Let k be x(-2). Suppose 0 = -5*u + k + 10. Suppose 2*p - u = 4. Calculate the remainder when 10 is divided by p.
2
Suppose 5*s - 28 = 2*a, -3*s + 9*a + 32 = 4*a. Let k(r) = -3 - s + 5*r - 4*r + 5. What is the remainder when 2 is divided by k(4)?
0
Let q(v) = -26*v**3 + 2*v**2 - 2. What is the remainder when q(-1) is divided by 9?
8
Suppose 18 + 31 = y. What is the remainder when y is divided by 18?
13
Let j(t) = -2*t + 1. Let n be j(-3). Let x(u) = -6*u - 2. Let o(s) = -s**2. Let g(a) = -o(a) + x(a). Calculate the remainder when g(n) is divided by 3.
2
Suppose i - 32 = -5*q, -2*i - i + 5*q = -76. Calculate the remainder when i is divided by 10.
7
Let i be 526/5 + (-1)/5. Suppose -55 - i = -5*l. Let a = 24 + -13. What is the remainder when l is divided by a?
10
Let v = -6 + 11. Suppose -5*w = 15, w + 15 = 2*i + i. Let t(d) = d**3 - 3*d**2 - d - 4. Calculate the remainder when t(i) is divided by v.
3
Let c(m) = m**2 - 10*m + 14. Let p be c(6). Let a(v) = 2*v + 24. Calculate the remainder when 6 is divided by a(p).
2
Let f(t) = -3*t**2 - t**3 + 3*t**3 - 2*t - 3*t**3 + 4*t**2 - 2. What is the remainder when 54 is divided by f(-2)?
12
What is the remainder when 462/8 - 6/(-24) is divided by 30?
28
Let j = -167 - -185. What is the remainder when 49 is divided by j?
13
Let b(w) = w + 7. Let h be b(-5). Let r = 5 - h. What is the remainder when 9 is divided by r?
0
Suppose -k + 43 = -5*r, 0 = -4*k - 2*r + 6*r + 172. Calculate the remainder when k is divided by 11.
10
Let c be (42/(-49))/((-2)/(-14)). What is the remainder when (8/c)/(5/(-60)) is divided by 6?
4
Let a be (105/(-12))/(1/4). Calculate the remainder when 16/10*a/(-2) is divided by (-5 + 0)*-3*1.
13
Let q = 87 - 44. What is the remainder when 170 is divided by q?
41
Suppose -r = 3*n + 2*n - 136, 0 = -2*n + 5*r + 76. What is the remainder when 109 is divided by n?
25
Suppose 0*s - 3*s = -21. Suppose 4*a = -13 - s. What is the remainder when (-2)/a - (-23)/5 is divided by 3?
2
Suppose -2*k + 3*k = 50. Suppose -v - k = v. Let x = v - -62. What is the remainder when x is divided by 13?
11
Suppose 0 = -2*v + 64 - 14. Let j = v - 21. What is the remainder when 13 is divided by j?
1
Suppose 3*o - 9 - 24 = 0. Let j = 4 - -2. Calculate the remainder when o is divided by j.
5
Let y(b) = 3*b**2 - 5*b + 3. Let d(t) = -2 - 1 + 6 + 8*t. Calculate the remainder when d(5) i